{"id":100,"date":"2025-04-15T20:33:35","date_gmt":"2025-04-15T20:33:35","guid":{"rendered":"https:\/\/seldwyla.ch\/?page_id=100"},"modified":"2025-12-29T11:52:19","modified_gmt":"2025-12-29T11:52:19","slug":"gurnigel","status":"publish","type":"page","link":"https:\/\/seldwyla.ch\/index.php\/gurnigel\/","title":{"rendered":"gurnigel"},"content":{"rendered":"\n<p>hie obe sy mer w\u00fcrklech alli fasch usnahmslos n\u00fcmme ganz normal<br>90 bis 95 proz\u00e4nt vo \u00fc\u00fcs finde das l\u00e4be i der natur us viel z brutal<br>gschtrandet i de b\u00e4rge \u2013 wie cha das sy? aber es isch, aber es isch, aber es isch realit\u00e4t<br>u d ch\u00fceh sy scho gfr\u00e4sse, die arme, arme ch\u00fceh, realit\u00e4t<br>we d m\u00f6net verbi zieh, dr mond zum h\u00fc\u00fcle triebt, dr hunger geng stercher wird<br>denn isches zschp\u00e4t, zschp\u00e4t, zschp\u00e4t, zschp\u00e4t, denn isches w\u00fcrklech zschp\u00e4t<br><br>i wott \u00e4ndlech hei, i wott \u00e4ndlech hei<br>i wott \u00e4ndlech hei, heieiei<\/p>\n\n\n\n<p>sit tage hei mer n\u00fc\u00fct me ds bisse, sueche d g\u00e4gend ab nach heiti<br>doch es hett wyt u breit keni heiti, vilech sis nid d breitegrad f\u00fcr heiti<br>u mir r\u00e4tsle immer no wie s zur katastrophe hie isch cho<br>wele depp i dr nacht hinder d t\u00e4nk isch u tribstoff um tribstoff hett gno u dervo isch<\/p>\n\n\n\n<p>i wott \u00e4ndlech hei, d mia wott ou hei<br>dr \u00e4ndu wott ou hei, dr fr\u00e4ne wott ou hei <br>dr disu wott ou hei, mir wei alli hei ei ei ei alli alli alli<\/p>\n\n\n\n<blockquote class=\"wp-block-quote is-layout-flow wp-block-quote-is-layout-flow\">\n<p>u ni la mi sicher m\u00e4ngisch gschieder eifach la triebe<br>u warte was s mer seit, woh\u00e4re dass s mi treit<br>u ni la mi m\u00e4ngisch gschieder eifach vom schicksal la triebe<br>u warte was s mer seit, woh\u00e4re dass s mi treit<\/p>\n<\/blockquote>\n\n\n\n<p>bim meier vo der raiffisebank dert \u00e4ne ischs mer n\u00fcmm ganz gh\u00fc\u00fcr<br>scho nume wie d\u00e4 i d\u00e4 chnoche biesst&#8230; was hett de d\u00e4 dert \u00e4ne komischs ufem f\u00fc\u00fcr? <br>ja was isch das? was isch das? nei nei gschieder nid luege, nei nei<br>d frou meier isch regelr\u00e4cht verwildret, sie gitt ne archaisch dick dick d\u00fcre d\u00fcre <br>was s\u00f6ll das? was s\u00f6ll das? was s\u00f6ll das? das kenneni nid, nei nei<br>sie tanzt dr gurnigel desuf und desab u tanzt im mondschien e steizyttanz u nimmt de alles f\u00fcre wases f\u00fcre zn\u00e4h gitt, immer wyter, immer wyter<br><br>i wott n\u00fcmme hei, sie wott n\u00fcmme hei, nei nei<br>dr meier wott n\u00fcmm hei, dr stifu wott n\u00fcmm hei <br>niemer wott me hei nei nei nei, niemer wott me hei<br>niemer, niemer<\/p>\n\n\n\n<blockquote class=\"wp-block-quote is-layout-flow wp-block-quote-is-layout-flow\">\n<p>u ni la mi sicher m\u00e4ngisch gschieder eifach la triebe&#8230;<\/p>\n<\/blockquote>\n\n\n\n<p class=\"has-small-font-size\" style=\"font-style:normal;font-weight:100;text-transform:lowercase\"><em>musik und<\/em>  <em>text: lorenz hirni (feb 2008\/feb 2025)<\/em><\/p>\n\n\n\n<p><br><\/p>\n","protected":false},"excerpt":{"rendered":"<p>hie obe sy mer w\u00fcrklech alli fasch usnahmslos n\u00fcmme ganz normal90 bis 95 proz\u00e4nt vo \u00fc\u00fcs finde das l\u00e4be i der natur us viel z brutalgschtrandet i de b\u00e4rge \u2013 wie cha das sy? aber es isch, aber es isch, aber es isch realit\u00e4tu d ch\u00fceh sy scho gfr\u00e4sse, die arme, arme ch\u00fceh, realit\u00e4twe d [&hellip;]<\/p>\n","protected":false},"author":1,"featured_media":0,"parent":0,"menu_order":0,"comment_status":"closed","ping_status":"closed","template":"","meta":{"footnotes":""},"class_list":["post-100","page","type-page","status-publish","hentry"],"_links":{"self":[{"href":"https:\/\/seldwyla.ch\/index.php\/wp-json\/wp\/v2\/pages\/100","targetHints":{"allow":["GET"]}}],"collection":[{"href":"https:\/\/seldwyla.ch\/index.php\/wp-json\/wp\/v2\/pages"}],"about":[{"href":"https:\/\/seldwyla.ch\/index.php\/wp-json\/wp\/v2\/types\/page"}],"author":[{"embeddable":true,"href":"https:\/\/seldwyla.ch\/index.php\/wp-json\/wp\/v2\/users\/1"}],"replies":[{"embeddable":true,"href":"https:\/\/seldwyla.ch\/index.php\/wp-json\/wp\/v2\/comments?post=100"}],"version-history":[{"count":10,"href":"https:\/\/seldwyla.ch\/index.php\/wp-json\/wp\/v2\/pages\/100\/revisions"}],"predecessor-version":[{"id":278,"href":"https:\/\/seldwyla.ch\/index.php\/wp-json\/wp\/v2\/pages\/100\/revisions\/278"}],"wp:attachment":[{"href":"https:\/\/seldwyla.ch\/index.php\/wp-json\/wp\/v2\/media?parent=100"}],"curies":[{"name":"wp","href":"https:\/\/api.w.org\/{rel}","templated":true}]}}